{"id":28,"date":"2020-04-24T06:50:43","date_gmt":"2020-04-24T06:50:43","guid":{"rendered":"http:\/\/chefideologe.com\/?page_id=28"},"modified":"2020-04-27T14:46:08","modified_gmt":"2020-04-27T14:46:08","slug":"chefideologe","status":"publish","type":"page","link":"https:\/\/chefideologe.com\/?page_id=28","title":{"rendered":"Chefideologe"},"content":{"rendered":"\n<p>Hallo, ich geh\u00f6re mittlerweile zur Risikogruppe \u201ealter wei\u00dfer Mann\u201c. Eine Errungenschaft, finde ich. <\/p>\n\n\n\n<p>Aber Chefideologe? In Zeiten der Political Correctness, in der hysterisch nach vermeintlich Radikalem fahndet wird, verst\u00f6rend. Zumindest, wie es im medialen Neusprech hei\u00dft: umstritten.<\/p>\n\n\n\n<p>Bin nun mal ein Kind der 80er. Da hie\u00dfen Bands Joy Division und man lie\u00df den Mussolini tanzen. Die Provokation mit tabuisiertem Vokabular war Stilmittel der Popul\u00e4rkultur. Heutzutage undenkbar, wo schon ein Xavier Naidoo als gef\u00e4hrlich gilt. Oder ein durch und durch b\u00fcrgerlicher Schriftsteller wie Uwe Tellenkamp als rechter Abweichler.<\/p>\n\n\n\n<p>Ideologie ist nicht zuletzt Teil meines Berufs. Als CD Text in der Werbung erschaffe ich Produkt-Ideologien, aka Marken-Welten. Die Welt als Wille und Vorstellung. Wenn auch nur im Supermarktregal.<\/p>\n\n\n\n<figure class=\"wp-block-image size-large\"><img fetchpriority=\"high\" decoding=\"async\" width=\"1024\" height=\"768\" src=\"https:\/\/chefideologe.com\/wp-content\/uploads\/2020\/04\/FB3CC18E-B09C-4DE7-B3E2-14A1B198D448-1024x768.jpeg\" alt=\"\" class=\"wp-image-92\" srcset=\"https:\/\/chefideologe.com\/wp-content\/uploads\/2020\/04\/FB3CC18E-B09C-4DE7-B3E2-14A1B198D448-1024x768.jpeg 1024w, https:\/\/chefideologe.com\/wp-content\/uploads\/2020\/04\/FB3CC18E-B09C-4DE7-B3E2-14A1B198D448-300x225.jpeg 300w, https:\/\/chefideologe.com\/wp-content\/uploads\/2020\/04\/FB3CC18E-B09C-4DE7-B3E2-14A1B198D448-768x576.jpeg 768w, https:\/\/chefideologe.com\/wp-content\/uploads\/2020\/04\/FB3CC18E-B09C-4DE7-B3E2-14A1B198D448-1536x1152.jpeg 1536w, https:\/\/chefideologe.com\/wp-content\/uploads\/2020\/04\/FB3CC18E-B09C-4DE7-B3E2-14A1B198D448-2048x1536.jpeg 2048w, https:\/\/chefideologe.com\/wp-content\/uploads\/2020\/04\/FB3CC18E-B09C-4DE7-B3E2-14A1B198D448-1200x900.jpeg 1200w, https:\/\/chefideologe.com\/wp-content\/uploads\/2020\/04\/FB3CC18E-B09C-4DE7-B3E2-14A1B198D448-1980x1485.jpeg 1980w\" sizes=\"(max-width: 1024px) 100vw, 1024px\" \/><figcaption>License to thrill?<\/figcaption><\/figure>\n","protected":false},"excerpt":{"rendered":"<p>Hallo, ich geh\u00f6re mittlerweile zur Risikogruppe \u201ealter wei\u00dfer Mann\u201c. Eine Errungenschaft, finde ich. Aber Chefideologe? In Zeiten der Political Correctness, in der hysterisch nach vermeintlich Radikalem fahndet wird, verst\u00f6rend. Zumindest, wie es im medialen Neusprech hei\u00dft: umstritten. Bin nun mal ein Kind der 80er. Da hie\u00dfen Bands Joy Division und man lie\u00df den Mussolini tanzen. [&hellip;]<\/p>\n","protected":false},"author":1,"featured_media":42,"parent":25,"menu_order":0,"comment_status":"closed","ping_status":"closed","template":"","meta":{"footnotes":""},"class_list":["post-28","page","type-page","status-publish","has-post-thumbnail","hentry"],"_links":{"self":[{"href":"https:\/\/chefideologe.com\/index.php?rest_route=\/wp\/v2\/pages\/28","targetHints":{"allow":["GET"]}}],"collection":[{"href":"https:\/\/chefideologe.com\/index.php?rest_route=\/wp\/v2\/pages"}],"about":[{"href":"https:\/\/chefideologe.com\/index.php?rest_route=\/wp\/v2\/types\/page"}],"author":[{"embeddable":true,"href":"https:\/\/chefideologe.com\/index.php?rest_route=\/wp\/v2\/users\/1"}],"replies":[{"embeddable":true,"href":"https:\/\/chefideologe.com\/index.php?rest_route=%2Fwp%2Fv2%2Fcomments&post=28"}],"version-history":[{"count":7,"href":"https:\/\/chefideologe.com\/index.php?rest_route=\/wp\/v2\/pages\/28\/revisions"}],"predecessor-version":[{"id":94,"href":"https:\/\/chefideologe.com\/index.php?rest_route=\/wp\/v2\/pages\/28\/revisions\/94"}],"up":[{"embeddable":true,"href":"https:\/\/chefideologe.com\/index.php?rest_route=\/wp\/v2\/pages\/25"}],"wp:featuredmedia":[{"embeddable":true,"href":"https:\/\/chefideologe.com\/index.php?rest_route=\/wp\/v2\/media\/42"}],"wp:attachment":[{"href":"https:\/\/chefideologe.com\/index.php?rest_route=%2Fwp%2Fv2%2Fmedia&parent=28"}],"curies":[{"name":"wp","href":"https:\/\/api.w.org\/{rel}","templated":true}]}}